{"id":164,"date":"2015-05-11T19:13:35","date_gmt":"2015-05-11T17:13:35","guid":{"rendered":"http:\/\/www.bbnb.fi\/www\/?page_id=164"},"modified":"2026-03-17T15:16:20","modified_gmt":"2026-03-17T13:16:20","slug":"contact-and-reservation","status":"publish","type":"page","link":"https:\/\/www.bbnb.fi\/www\/en\/contact-and-reservation\/","title":{"rendered":"Contact and reservation"},"content":{"rendered":"<div class=\"one-half\">\n<p>During the summer season of 2026, Bromarf B&amp;B will be closed due to minor maintenance and repair work.<\/p>\n<p>Address:<br \/>\nR\u00f6da Villan Tallmo<br \/>\nV\u00e4ttlaxv\u00e4gen 78<br \/>\n10570 Bromarv, Raasepori<\/p>\n<p>Internet: <a href=\"http:\/\/www.bbnb.fi\" target=\"_blank\" rel=\"noopener noreferrer\">www.bbnb.fi<\/a><\/p>\n<p>E-mail: <a href=\"mailto:info@bbnb.fi\">info@bbnb.fi<\/a><\/p>\n<p>Facebook: <a href=\"https:\/\/www.facebook.com\/bbnbtallmo\" target=\"_blank\" rel=\"noopener noreferrer\">Bromarf Bed&amp;Breakfast (BBnB)<\/a><\/p>\n<p>Reservation from Finland only by phone:<\/p>\n<p>+358(0)405214733<\/p>\n<p>+358(0)405245323<\/p>\n<p>Kindly confirm your reservations by e-mail or SMS.<\/p>\n<p>Please inquire for any particular arrangements.<\/p>\n<\/div>\n<div class=\"one-half last\"><iframe loading=\"lazy\" src=\"https:\/\/www.google.com\/maps\/embed\/v1\/place?q=V%C3%A4ttlaxv%C3%A4gen%2078%2C%20Raseborg%2C%20Finland&amp;key=AIzaSyDYsirYbFNSYcAENHBfxYni8v4hQ5pAedM\" width=\"500\" height=\"500\" frameborder=\"0\"><\/iframe><\/div>\n","protected":false},"excerpt":{"rendered":"<p>During the summer season of 2026, Bromarf B&amp;B will be closed due to minor maintenance and repair work. Address: R\u00f6da Villan Tallmo V\u00e4ttlaxv\u00e4gen 78 10570 Bromarv, Raasepori Internet: www.bbnb.fi E-mail: info@bbnb.fi Facebook: Bromarf Bed&amp;Breakfast (BBnB) Reservation from Finland only by phone: +358(0)405214733 +358(0)405245323 Kindly confirm your reservations by e-mail or SMS. Please inquire for any<span class=\"before-more-link\">&#8230;<\/span><a class=\"more-link\" href=\"https:\/\/www.bbnb.fi\/www\/en\/contact-and-reservation\/\">Read more &#8230;<\/a><\/p>\n","protected":false},"author":2,"featured_media":0,"parent":0,"menu_order":0,"comment_status":"closed","ping_status":"closed","template":"template-page-contact.php","meta":{"footnotes":""},"class_list":["post-164","page","type-page","status-publish","hentry"],"_links":{"self":[{"href":"https:\/\/www.bbnb.fi\/www\/wp-json\/wp\/v2\/pages\/164","targetHints":{"allow":["GET"]}}],"collection":[{"href":"https:\/\/www.bbnb.fi\/www\/wp-json\/wp\/v2\/pages"}],"about":[{"href":"https:\/\/www.bbnb.fi\/www\/wp-json\/wp\/v2\/types\/page"}],"author":[{"embeddable":true,"href":"https:\/\/www.bbnb.fi\/www\/wp-json\/wp\/v2\/users\/2"}],"replies":[{"embeddable":true,"href":"https:\/\/www.bbnb.fi\/www\/wp-json\/wp\/v2\/comments?post=164"}],"version-history":[{"count":13,"href":"https:\/\/www.bbnb.fi\/www\/wp-json\/wp\/v2\/pages\/164\/revisions"}],"predecessor-version":[{"id":595,"href":"https:\/\/www.bbnb.fi\/www\/wp-json\/wp\/v2\/pages\/164\/revisions\/595"}],"wp:attachment":[{"href":"https:\/\/www.bbnb.fi\/www\/wp-json\/wp\/v2\/media?parent=164"}],"curies":[{"name":"wp","href":"https:\/\/api.w.org\/{rel}","templated":true}]}}