{"id":158,"date":"2015-08-11T19:12:06","date_gmt":"2015-08-11T16:12:06","guid":{"rendered":"http:\/\/www.bbnb.fi\/www\/?page_id=158"},"modified":"2026-03-17T15:18:10","modified_gmt":"2026-03-17T13:18:10","slug":"yhteystiedot-ja-varaukset","status":"publish","type":"page","link":"http:\/\/www.bbnb.fi\/www\/fi\/yhteystiedot-ja-varaukset\/","title":{"rendered":"Yhteystiedot ja varaukset"},"content":{"rendered":"<div class=\"one-half\">\n<p>Kes\u00e4kaudella 2026 on Bromarf B&amp;B suljettuna kunnossapito- ja korjaust\u00f6iden johdosta.<\/p>\n<p>Osoite: R\u00f6da Villan, Tallmo<br \/>\nV\u00e4ttlaxv\u00e4gen 78, 1057 Bromarv, Raseborg<\/p>\n<p>Internet: <a href=\"http:\/\/www.bbnb.fi\" target=\"_blank\" rel=\"noopener noreferrer\">www.bbnb.fi<\/a><\/p>\n<p>E-mail: <a href=\"mailto:info@bbnb.fi\">info@bbnb.fi<\/a><\/p>\n<p>Facebook: <a href=\"https:\/\/www.facebook.com\/bbnbtallmo\" target=\"_blank\" rel=\"noopener noreferrer\">Bromarf Bed&amp;Breakfast (BBnB)<\/a><\/p>\n<p>Varaukset puhelimitse:<\/p>\n<p>+358(0)405214733<\/p>\n<p>+358(0)405245323<\/p>\n<p>Varausten vahvistaminen: s\u00e4hk\u00f6posti, tekstiviesti.<\/p>\n<\/div>\n<div class=\"one-half last\"><iframe loading=\"lazy\" style=\"border: 0;\" src=\"https:\/\/www.google.com\/maps\/embed\/v1\/place?q=V%C3%A4ttlaxv%C3%A4gen%2078%2C%20Raseborg%2C%20Finland&amp;key=AIzaSyDYsirYbFNSYcAENHBfxYni8v4hQ5pAedM\" width=\"500\" height=\"500\" frameborder=\"0\"><\/iframe><\/div>\n","protected":false},"excerpt":{"rendered":"<p>Kes\u00e4kaudella 2026 on Bromarf B&amp;B suljettuna kunnossapito- ja korjaust\u00f6iden johdosta. Osoite: R\u00f6da Villan, Tallmo V\u00e4ttlaxv\u00e4gen 78, 1057 Bromarv, Raseborg Internet: www.bbnb.fi E-mail: info@bbnb.fi Facebook: Bromarf Bed&amp;Breakfast (BBnB) Varaukset puhelimitse: +358(0)405214733 +358(0)405245323 Varausten vahvistaminen: s\u00e4hk\u00f6posti, tekstiviesti.<\/p>\n","protected":false},"author":1,"featured_media":0,"parent":0,"menu_order":0,"comment_status":"closed","ping_status":"closed","template":"template-page-contact.php","meta":{"footnotes":""},"class_list":["post-158","page","type-page","status-publish","hentry"],"_links":{"self":[{"href":"http:\/\/www.bbnb.fi\/www\/wp-json\/wp\/v2\/pages\/158","targetHints":{"allow":["GET"]}}],"collection":[{"href":"http:\/\/www.bbnb.fi\/www\/wp-json\/wp\/v2\/pages"}],"about":[{"href":"http:\/\/www.bbnb.fi\/www\/wp-json\/wp\/v2\/types\/page"}],"author":[{"embeddable":true,"href":"http:\/\/www.bbnb.fi\/www\/wp-json\/wp\/v2\/users\/1"}],"replies":[{"embeddable":true,"href":"http:\/\/www.bbnb.fi\/www\/wp-json\/wp\/v2\/comments?post=158"}],"version-history":[{"count":17,"href":"http:\/\/www.bbnb.fi\/www\/wp-json\/wp\/v2\/pages\/158\/revisions"}],"predecessor-version":[{"id":598,"href":"http:\/\/www.bbnb.fi\/www\/wp-json\/wp\/v2\/pages\/158\/revisions\/598"}],"wp:attachment":[{"href":"http:\/\/www.bbnb.fi\/www\/wp-json\/wp\/v2\/media?parent=158"}],"curies":[{"name":"wp","href":"https:\/\/api.w.org\/{rel}","templated":true}]}}